{"id":4380,"date":"2015-08-21T10:15:54","date_gmt":"2015-08-21T13:15:54","guid":{"rendered":"http:\/\/adeboleiros.com.br\/?page_id=4380"},"modified":"2015-10-16T15:29:50","modified_gmt":"2015-10-16T18:29:50","slug":"equipes","status":"publish","type":"page","link":"https:\/\/entidadesintegradasdf.org.br\/adeboleiros\/adeboleiros-2015\/equipes\/","title":{"rendered":"Equipes"},"content":{"rendered":"<h1 class=\"post-title\"><img loading=\"lazy\" alt=\"\" src=\"https:\/\/www.footballpictures.net\/data\/media\/485\/man_city_logo_1280x800.jpg\" width=\"120\" height=\"64\" \/>MANCHESTER CITY<\/h1>\n<table width=\"382\" border=\"0\" cellspacing=\"0\" cellpadding=\"0\">\n<tbody>\n<tr>\n<td dir=\"LTR\" width=\"382\" height=\"21\"><strong><em>ROBGOL &#8211; CAPIT\u00c3O<\/em><\/strong><\/td>\n<\/tr>\n<tr>\n<td height=\"20\">MATHEUS<\/td>\n<\/tr>\n<tr>\n<td height=\"20\">SARAIVA<\/td>\n<\/tr>\n<tr>\n<td height=\"20\">JORGE KID<\/td>\n<\/tr>\n<tr>\n<td height=\"20\">MILTON NEVES<\/td>\n<\/tr>\n<tr>\n<td height=\"20\">GUSTAVO GUERREIRO<\/td>\n<\/tr>\n<tr>\n<td height=\"20\">RODRIGO NUNES<\/td>\n<\/tr>\n<tr>\n<td height=\"20\">GERSON<\/td>\n<\/tr>\n<tr>\n<td height=\"20\">CAF\u00da<\/td>\n<\/tr>\n<tr>\n<td height=\"20\">F\u00c1BIO FISH<\/td>\n<\/tr>\n<tr>\n<td height=\"20\">JONAY<\/td>\n<\/tr>\n<tr>\n<td height=\"20\">JUCELINO ( EL SHARAY)<\/td>\n<\/tr>\n<tr>\n<td height=\"20\">F\u00c1BIO MORAIS<\/td>\n<\/tr>\n<tr>\n<td height=\"20\">MOTINHA<\/td>\n<\/tr>\n<\/tbody>\n<\/table>\n<p>&nbsp;<\/p>\n<h1><img loading=\"lazy\" alt=\"\" src=\"https:\/\/www.fulhamsociety.org\/wp-content\/uploads\/2015\/06\/chelsea-fc-logo-hd-background-1.jpg\" width=\"120\" height=\"64\" \/>\u00a0CHELSEA<\/h1>\n<table width=\"386\" border=\"0\" cellspacing=\"0\" cellpadding=\"0\">\n<colgroup>\n<col width=\"386\" \/> <\/colgroup>\n<tbody>\n<tr>\n<td width=\"386\" height=\"20\"><strong><em>RONALDO &#8211; CAPIT\u00c3O<\/em><\/strong><\/td>\n<\/tr>\n<tr>\n<td height=\"20\">RENIVALDO<\/td>\n<\/tr>\n<tr>\n<td height=\"20\">VAUERLIR<\/td>\n<\/tr>\n<tr>\n<td height=\"20\">RONALDO<\/td>\n<\/tr>\n<tr>\n<td height=\"20\">DANIEL SARAIVA<\/td>\n<\/tr>\n<tr>\n<td height=\"20\">CRISTIAN<\/td>\n<\/tr>\n<tr>\n<td height=\"20\">ALESSANDRO<\/td>\n<\/tr>\n<tr>\n<td height=\"20\">MARDEN<\/td>\n<\/tr>\n<tr>\n<td height=\"20\">J\u00daLIO DENTISTA<\/td>\n<\/tr>\n<tr>\n<td height=\"20\">\u00c1LVARO<\/td>\n<\/tr>\n<tr>\n<td height=\"20\">MAURO LEITE<\/td>\n<\/tr>\n<tr>\n<td height=\"20\">KONRAD<\/td>\n<\/tr>\n<tr>\n<td height=\"20\">KLEBINHO<\/td>\n<\/tr>\n<tr>\n<td height=\"20\">GUILHERME<\/td>\n<\/tr>\n<tr>\n<td height=\"20\">WELLERSON*<\/td>\n<\/tr>\n<\/tbody>\n<\/table>\n<p>&nbsp;<\/p>\n<h1><img loading=\"lazy\" alt=\"\" src=\"https:\/\/orig02.deviantart.net\/eea4\/f\/2011\/277\/b\/7\/royal_arsenal_logo_by_ahmed_art-d4btrk3.jpg\" width=\"120\" height=\"64\" \/>\u00a0ARSENAL<\/h1>\n<table width=\"383\" border=\"0\" cellspacing=\"0\" cellpadding=\"0\">\n<colgroup>\n<col width=\"383\" \/> <\/colgroup>\n<tbody>\n<tr>\n<td width=\"383\" height=\"20\">THIAGO &#8211; CAPIT\u00c3O<\/td>\n<\/tr>\n<tr>\n<td height=\"20\">BRENO<\/td>\n<\/tr>\n<tr>\n<td height=\"20\">LUCIANO SOARES<\/td>\n<\/tr>\n<tr>\n<td height=\"20\">ZAMPRONHA<\/td>\n<\/tr>\n<tr>\n<td height=\"20\">MARCO AUR\u00c9LIO<\/td>\n<\/tr>\n<tr>\n<td height=\"20\">MARCOS DANTAS<\/td>\n<\/tr>\n<tr>\n<td height=\"20\">L\u00c9O GARRIDO<\/td>\n<\/tr>\n<tr>\n<td height=\"20\">PORTO<\/td>\n<\/tr>\n<tr>\n<td height=\"20\">MARCOS PAULO<\/td>\n<\/tr>\n<tr>\n<td height=\"20\">RENATO MADSEN<\/td>\n<\/tr>\n<tr>\n<td height=\"20\">ROBERVAL<\/td>\n<\/tr>\n<tr>\n<td height=\"20\">SANDRO AVELAR<\/td>\n<\/tr>\n<tr>\n<td height=\"20\">MAGNO<\/td>\n<\/tr>\n<tr>\n<td height=\"20\">ISMAEL<\/td>\n<\/tr>\n<tr>\n<td height=\"20\">PAULO VINICIUS<\/td>\n<\/tr>\n<tr>\n<td height=\"20\"><\/td>\n<\/tr>\n<\/tbody>\n<\/table>\n<p>&nbsp;<\/p>\n<h1><img loading=\"lazy\" alt=\"\" src=\"http:\/\/adeboleiros.com.br\/\/\/wp-content\/uploads\/2015\/08\/bandeira_tottenham.png\" width=\"120\" height=\"64\" \/>\u00a0TOTTENHAM<\/h1>\n<table width=\"382\" border=\"0\" cellspacing=\"0\" cellpadding=\"0\">\n<colgroup>\n<col width=\"382\" \/> <\/colgroup>\n<tbody>\n<tr>\n<td width=\"382\" height=\"20\"><strong><em>BERNARDO &#8211; CAPIT\u00c3O<\/em><\/strong><\/td>\n<\/tr>\n<tr>\n<td height=\"20\">LOTTERMAN<\/td>\n<\/tr>\n<tr>\n<td height=\"20\">PABLO<\/td>\n<\/tr>\n<tr>\n<td height=\"20\">RAFAEL<\/td>\n<\/tr>\n<tr>\n<td height=\"20\">HEBER<\/td>\n<\/tr>\n<tr>\n<td height=\"20\">DIOGO<\/td>\n<\/tr>\n<tr>\n<td height=\"20\">MARCELO ALVES<\/td>\n<\/tr>\n<tr>\n<td height=\"20\">JO\u00c3OZINHO<\/td>\n<\/tr>\n<tr>\n<td height=\"20\">ROGERINHO<\/td>\n<\/tr>\n<tr>\n<td height=\"20\">L\u00c9O<\/td>\n<\/tr>\n<tr>\n<td height=\"20\">JO\u00c3O PAULO<\/td>\n<\/tr>\n<tr>\n<td height=\"20\">ATALIBA<\/td>\n<\/tr>\n<tr>\n<td height=\"20\">WILSON<\/td>\n<\/tr>\n<tr>\n<td height=\"20\">CAPUZO<\/td>\n<\/tr>\n<tr>\n<td height=\"20\">ROBSON CRISPIM *<\/td>\n<\/tr>\n<\/tbody>\n<\/table>\n<p>&nbsp;<\/p>\n<h1><img loading=\"lazy\" alt=\"\" src=\"https:\/\/www.zerozero.pt\/img\/noticias\/img_texto_1033.jpg\" width=\"120\" height=\"64\" \/>\u00a0MANCHESTER UNITED<\/h1>\n<table width=\"382\" border=\"0\" cellspacing=\"0\" cellpadding=\"0\">\n<tbody>\n<tr>\n<td width=\"382\" height=\"20\"><em><strong>FABRICIO &#8211; CAPIT\u00c3O<\/strong><\/em><\/td>\n<\/tr>\n<tr>\n<td height=\"20\">EDNALDO CABINHA<\/td>\n<\/tr>\n<tr>\n<td height=\"20\">WILSON MACHADO<\/td>\n<\/tr>\n<tr>\n<td height=\"20\">JO\u00c3O MEIRELES<\/td>\n<\/tr>\n<tr>\n<td height=\"20\">CLAUDIO CAF\u00c9<\/td>\n<\/tr>\n<tr>\n<td height=\"20\">MATSUI<\/td>\n<\/tr>\n<tr>\n<td height=\"20\">CLETO *<\/td>\n<\/tr>\n<tr>\n<td height=\"20\">VIANA<\/td>\n<\/tr>\n<tr>\n<td height=\"20\">ANDR\u00c9 INDIO<\/td>\n<\/tr>\n<tr>\n<td height=\"20\">CARLITO<\/td>\n<\/tr>\n<tr>\n<td height=\"20\">Z\u00c9 WERICK<\/td>\n<\/tr>\n<tr>\n<td height=\"20\">HERMES<\/td>\n<\/tr>\n<tr>\n<td height=\"20\">FL\u00c1VIO<\/td>\n<\/tr>\n<tr>\n<td height=\"20\">\u00c9LIO<\/td>\n<\/tr>\n<tr>\n<td height=\"20\">VICTOR DAN<\/td>\n<\/tr>\n<\/tbody>\n<\/table>\n<p>&nbsp;<\/p>\n<h1><img loading=\"lazy\" alt=\"\" src=\"https:\/\/img0.cfstatic.com\/wallpapers\/4ac70ed247f665e77f6b5d402533af4e_large.jpeg\" width=\"120\" height=\"64\" \/>\u00a0LIVERPOOL<\/h1>\n<table width=\"382\" border=\"0\" cellspacing=\"0\" cellpadding=\"0\">\n<tbody>\n<tr>\n<td width=\"382\" height=\"20\"><em><strong>FABIO &#8211; CAPIT\u00c3O<\/strong><\/em><\/td>\n<\/tr>\n<tr>\n<td height=\"20\">HAROALDO<\/td>\n<\/tr>\n<tr>\n<td height=\"20\">SAULO RORIZ<\/td>\n<\/tr>\n<tr>\n<td height=\"20\">RAFAEL SOUZA<\/td>\n<\/tr>\n<tr>\n<td height=\"20\">MARCELO FRANCO<\/td>\n<\/tr>\n<tr>\n<td height=\"20\">NETO<\/td>\n<\/tr>\n<tr>\n<td height=\"20\">ANT\u00d4NIO MARCOS<\/td>\n<\/tr>\n<tr>\n<td height=\"20\">FRED<\/td>\n<\/tr>\n<tr>\n<td height=\"20\">PC<\/td>\n<\/tr>\n<tr>\n<td height=\"20\">RAPOSO<\/td>\n<\/tr>\n<tr>\n<td height=\"20\">SAULO RIBEIRO<\/td>\n<\/tr>\n<tr>\n<td height=\"20\">L\u00cdCIO<\/td>\n<\/tr>\n<tr>\n<td height=\"20\">ROBSON C\u00c2NDIDO<\/td>\n<\/tr>\n<tr>\n<td height=\"20\">BRANCO<\/td>\n<\/tr>\n<tr>\n<td height=\"20\">JULIO PIAUI<\/td>\n<\/tr>\n<tr>\n<td height=\"20\"><\/td>\n<\/tr>\n<\/tbody>\n<\/table>\n<p>*lesionados<\/p>\n","protected":false},"excerpt":{"rendered":"<p>MANCHESTER CITY ROBGOL &#8211; CAPIT\u00c3O MATHEUS SARAIVA JORGE KID MILTON NEVES GUSTAVO GUERREIRO RODRIGO NUNES GERSON CAF\u00da F\u00c1BIO FISH JONAY JUCELINO ( EL SHARAY) F\u00c1BIO MORAIS MOTINHA &nbsp; \u00a0CHELSEA RONALDO &#8211; CAPIT\u00c3O RENIVALDO VAUERLIR RONALDO DANIEL SARAIVA CRISTIAN ALESSANDRO MARDEN J\u00daLIO DENTISTA \u00c1LVARO MAURO LEITE KONRAD KLEBINHO GUILHERME WELLERSON* &nbsp; \u00a0ARSENAL THIAGO &#8211; CAPIT\u00c3O BRENO &#8230;<\/p>\n","protected":false},"author":5,"featured_media":0,"parent":4316,"menu_order":0,"comment_status":"closed","ping_status":"closed","template":"","meta":{"ngg_post_thumbnail":0},"_links":{"self":[{"href":"https:\/\/entidadesintegradasdf.org.br\/adeboleiros\/wp-json\/wp\/v2\/pages\/4380"}],"collection":[{"href":"https:\/\/entidadesintegradasdf.org.br\/adeboleiros\/wp-json\/wp\/v2\/pages"}],"about":[{"href":"https:\/\/entidadesintegradasdf.org.br\/adeboleiros\/wp-json\/wp\/v2\/types\/page"}],"author":[{"embeddable":true,"href":"https:\/\/entidadesintegradasdf.org.br\/adeboleiros\/wp-json\/wp\/v2\/users\/5"}],"replies":[{"embeddable":true,"href":"https:\/\/entidadesintegradasdf.org.br\/adeboleiros\/wp-json\/wp\/v2\/comments?post=4380"}],"version-history":[{"count":28,"href":"https:\/\/entidadesintegradasdf.org.br\/adeboleiros\/wp-json\/wp\/v2\/pages\/4380\/revisions"}],"predecessor-version":[{"id":4404,"href":"https:\/\/entidadesintegradasdf.org.br\/adeboleiros\/wp-json\/wp\/v2\/pages\/4380\/revisions\/4404"}],"up":[{"embeddable":true,"href":"https:\/\/entidadesintegradasdf.org.br\/adeboleiros\/wp-json\/wp\/v2\/pages\/4316"}],"wp:attachment":[{"href":"https:\/\/entidadesintegradasdf.org.br\/adeboleiros\/wp-json\/wp\/v2\/media?parent=4380"}],"curies":[{"name":"wp","href":"https:\/\/api.w.org\/{rel}","templated":true}]}}